 - 2 + 76*q**2 + q**3 + 10 - 2*q. Let x be s(-10). List the prime factors of (x/(-12) - (-335)/(-30))*-8.
2, 11
Let c be ((-4)/(-6))/(((-90)/351)/(-5)). Suppose 9*d = c*d - 3908. List the prime factors of d.
977
Let z = 5812 + 1223. List the prime factors of z.
3, 5, 7, 67
Let t = 20 + -15. Let x be (-30)/135 - (-5576)/(-18). What are the prime factors of x/(-4)*6/t?
3, 31
Let l(v) = -8668*v - 1341. List the prime factors of l(-2).
5, 7, 457
Let k(x) = 589*x**2 - 228*x + 2705. List the prime factors of k(12).
5, 31, 547
Let j = 85 - 88. Let x be 2/6 - ((-592)/(-12) - j). Let o = x + 69. What are the prime factors of o?
17
Let x(l) be the second derivative of -l**6/80 + l**5/5 + 7*l**4/12 + 11*l. Let g(j) be the third derivative of x(j). List the prime factors of g(-10).
2, 3, 19
Let t = 2289 + 2895. What are the prime factors of t?
2, 3
Let b(p) = p + 1. Let r be b(3). Let d(v) = -3*v**2 - 52*v - 39. Let l be d(-16). Suppose 5 - l = -r*h. List the prime factors of h.
5
Let h = -10074 + 18017. List the prime factors of h.
13, 47
Let m(f) = -1525*f**2 - 12*f + 6. Let s(t) = 763*t**2 + 6*t - 5. Let i(l) = -3*m(l) - 5*s(l). List the prime factors of i(-1).
761
List the prime factors of (1040/780)/(4/13437).
3, 1493
Let x be 712 + 39 + (2/1 - 0). Suppose x + 1911 = 9*l. List the prime factors of l.
2, 37
Suppose -4*x + 73513 = 5*j, 78*x - 80*x = 5*j - 73519. List the prime factors of j.
5, 17, 173
Let r = -26 - -28. Suppose x - 17 = -5*q, 7*x - q - 7 = r*x. Suppose x*s - 4*f = 156, s + 0*s - 5*f - 93 = 0. List the prime factors of s.
2, 17
Let y(s) = 826*s - 504. What are the prime factors of y(7)?
2, 7, 13, 29
Suppose -2*i + 7*p - 4 = 2*p, 0 = 5*i + p - 17. Suppose -i*k = -4*h + 497, -3*h - 4*k = -7*h + 500. What are the prime factors of h?
2, 61
Let f(h) = 3*h + 2. Let y be f(12). Let c(u) = -14 - 24*u - 10 + y - 12. List the prime factors of c(-2).
2, 5
Let j(r) be the first derivative of 2*r**3/3 - r**2 + 57*r - 67. Let b be 16 + -18 + -1 + 3. List the prime factors of j(b).
3, 19
Suppose -36*v + 763080 + 137568 = 0. List the prime factors of v.
2, 7, 1787
Let p = -6 + 10. Suppose 5 = p*v + 1, -x + 2*v + 12 = 0. Suppose -318 + 1494 = x*c. List the prime factors of c.
2, 3, 7
Let m be (75/10 + -7)*-2218. Let f = m + 2040. What are the prime factors of f?
7, 19
List the prime factors of (575 - 5)/(-15)*4046/(-4).
7, 17, 19
Let j = 12011 - 2018. List the prime factors of j.
3, 3331
Let i(t) = t - 2. Let y be i(6). Suppose -s - 5 = -18. Suppose -r = -y - s. What are the prime factors of r?
17
Let i(a) = a**3 - 22*a**2 + 21*a + 4. Let k(v) = 5*v**2 - 7*v - 3. Let s be k(3). Let u be i(s). What are the prime factors of (-15)/5 + 1 + u?
2
Let r = 15 + -10. Suppose 2*i + 16 = 4*n, -3*n + 10 = -3*i - r. List the prime factors of n.
3
Suppose 0 = -5*v - 4*u + 3, v + 9 = 4*u - 0*u. Suppose 3*l + 0*l - 16 = -2*s, 0 = 3*l - 2*s - 20. What are the prime factors of 1*v*(-7 + l)*131?
131
Let u(n) = 90 + 158*n + 44 - 128 + 158*n + 95. What are the prime factors of u(3)?
1049
Let x = -8028 + 27315. What are the prime factors of x?
3, 2143
List the prime factors of (1/(-35)*-58385)/((-9)/(-63)).
11677
Let d = 23 - -397. Suppose 4*x - 3*v = 788, -2*x - 9*v = -4*v - d. List the prime factors of x.
2, 5
Let n(m) = -6*m**2 + m**3 + 5 + 16*m**2 - 10*m**2 - 2*m**3 - 9*m**2 + 19*m. List the prime factors of n(-13).
2, 7, 31
Suppose 30*v = 32*v + 14. Let w = v - -13. List the prime factors of (-795)/(-6) - w/4.
131
Let c(i) = -i - 36. Let h be c(-19). Let y = 59 - h. List the prime factors of (-8)/(-3)*1767/y.
2, 31
Suppose j - 28 = t - 6*t, t = 4*j - 7. Suppose -4*y = -3*m + 773, 175 = m - j*y - 91. What are the prime factors of m?
251
Suppose 58923 = 5*t + 2*q - 213116, 108803 = 2*t - q. What are the prime factors of t?
3, 5, 13, 31
Suppose 9*l - 107*l + 4277301 - 328097 = 0. What are the prime factors of l?
2, 20149
Let n = 17789 - -13076. List the prime factors of n.
5, 6173
Let s(i) = i**3 + 10*i**2 + 9*i + 10. Let v be s(-9). List the prime factors of 2/((-9)/((-30915)/v)).
3, 229
Let k = 120 + -73. Suppose 0 = 4*j + 3*i + 96, j + 5*i - i = -37. Let h = j + k. What are the prime factors of h?
2, 13
Suppose -292278 = -90*r + 79*r + 5525. List the prime factors of r.
27073
Let t(d) = 57*d**3 + 2456*d**2 + 59*d + 30. What are the prime factors of t(-43)?
2, 3, 1123
Let j(d) = 4*d**2 - 66*d - 2073. What are the prime factors of j(-53)?
11, 1151
Suppose -7*j - 380 = 131. Let h = -24 - j. Suppose -356 = -4*a - 3*m, -4*m = -2*a + 129 + h. What are the prime factors of a?
89
Let o(x) = -230*x**3 + 14*x + 52. List the prime factors of o(-5).
2, 11, 653
List the prime factors of -6*20/(-30) + (14168 - 3 - -3).
2, 3, 1181
Let i = 97 - 94. Suppose -41 = -i*k - 32. Suppose -b - 3*w + 547 = 3*b, k*b - 407 = w. List the prime factors of b.
2, 17
Let g(t) = 21*t**3 + 13*t**2 - 9*t - 129. What are the prime factors of g(6)?
3, 1607
Suppose -3*h + 5535 = -s, 2*s + 9226 = -328*h + 333*h. What are the prime factors of h?
2, 461
Suppose 90407 = 2*z + 3*s, 0 = 10*z - 8*z - 4*s - 90428. What are the prime factors of z?
2, 5651
Let c = -3396 + 4432. What are the prime factors of c?
2, 7, 37
Let y(r) = 308*r + 6. Let i be y(7). Suppose i - 29 = 9*s. List the prime factors of s.
3, 79
Let l(n) = 674*n - 38. Let v = -793 - -795. List the prime factors of l(v).
2, 5, 131
Let t(j) = 6*j - 4*j - 2*j + 14 + j. Let h be t(-7). Suppose -h*p + 776 = -57. What are the prime factors of p?
7, 17
Let g = 1629 - -7578. What are the prime factors of g?
3, 11, 31
Let b(u) be the first derivative of -33*u**2 + 10*u - 24. What are the prime factors of b(-6)?
2, 7, 29
Suppose 0 = -6*q + q + 4460. Suppose 5*k + 4*p = q, 0*k + 2*p = -3*k + 536. Suppose k = -t + 3*t. What are the prime factors of t?
2, 3, 5
Let d(q) = -q**2 + 10*q + 1685. What are the prime factors of d(0)?
5, 337
Suppose -4*j + 20 = 4*x, 4*j + 6 = 4*x + 26. Suppose 3*a + 5*l + 411 = x, -2*a - 3*l = 40 + 234. Let o = 219 + a. What are the prime factors of o?
2, 41
Suppose 0 = 57*w - 50*w - 56. What are the prime factors of (-1028)/(-2) - (1 - (-8 + w))?
3, 19
Suppose -4 = -4*p, -2*l + p - 4379 = -3*l. Suppose 3*w = l - 1510. What are the prime factors of w?
2, 239
Let b(m) = 8*m**2 + 663*m + 1198. What are the prime factors of b(-150)?
2, 107, 191
Let x(d) = 2*d**3 - 12*d**2 - 8. Let u be x(6). Let o(n) = -10*n + 22. What are the prime factors of o(u)?
2, 3, 17
Let c be -6 - (-1568)/266 - 116/(-19). Suppose 1836 = r - 5*k, -c*r + 7269 = -2*r + 5*k. What are the prime factors of r?
3, 607
Let n(a) = -a**3 + 101*a**2 - 56*a + 837. List the prime factors of n(98).
37, 653
Suppose -1567324 = -28*w + 44160. What are the prime factors of w?
67, 859
What are the prime factors of 1/(95448/190864 + (-3)/6)?
79, 151
Let b(i) = i**3 - 7*i**2 - 8*i + 1. Let n = 22 + -14. Let v be b(n). List the prime factors of (-3)/(v - -2) + 31 + 2.
2
Suppose -f = 5*b - 15 - 6, -5*b = 4*f - 69. Let d = -12 + f. Suppose 2*j + 91 = 3*o, d*j = -3*o + j + 111. What are the prime factors of o?
3, 11
Let p be 6*-23*5/(-30). Suppose 6*x = p*x + 5304. Let d = x - -590. List the prime factors of d.
2, 139
Suppose 14*i = 320*i - 7*i - 17999202. List the prime factors of i.
2, 3, 79, 127
Let b(h) = -6961*h - 7457. List the prime factors of b(-7).
2, 5, 4127
Suppose 0*b + 105 = q - 2*b, -5*q - 4*b + 497 = 0. Suppose 0 = 5*w - q - 24. List the prime factors of w.
5
Suppose 0 = -3*u + 5*p + 356, 2*u - 482 = -2*u + 3*p. Suppose 2*c - 5*x + 70 = -9*x, 2*c - 4*x = -54. Let m = u + c. List the prime factors of m.
7, 13
Let m be -1 + (32/4 - 2). Suppose -9*n + m = -8*n. Suppose -141 + 15 = -2*j + n*f, -2*f - 114 = -2*j. List the prime factors of j.
53
Suppose -4*m = -20, -2*i + 4*i + 2*m = -660. Let p = i + 834. What are the prime factors of p?
499
Suppose 5*p - 20 = 5*u, -6*p + 5*u = -5*p. Let s(m) = 96*m**2 + m + 2. Let o be s(-2). Suppose 0 = -p*b - 149 + o. List the prime factors of b.
47
Let a(z) = -z**2 - 4*z + 6. Let m be a(-3). Suppose m*n - 825 = 8*n. List the prime factors of n.
3, 5, 11
Let c(d) = d**2 - 6*d - 53. Let p be c(11). Suppose 3*r = p*f + 576, 5*f - 845 - 115 = -5*r. List the prime factors of r.
2, 3
Suppose -120 = -2*j + 5*j. Let f = j - -47. Suppose 0 = -14*n +